00 (base 2) to base 9
-8088
What is a8a8 (base 11) in base 3?
201202012
What is 212 (base 12) in base 16?
12e
Convert -1000110 (base 2) to base 9.
-77
Convert -11012 (base 4) to base 9.
-402
-3354 (base 9) to base 4
-212233
13343 (base 5) to base 8
2112
What is -11101010011010 (base 2) in base 13?
-6aa0
2000234 (base 5) to base 15
942e
423 (base 11) to base 4
13331
What is 4792 (base 14) in base 8?
30274
Convert 56745 (base 11) to base 9.
134537
What is 5670 (base 8) in base 6?
21520
What is -1454 (base 8) in base 6?
-3432
Convert 229 (base 12) to base 13.
1b9
What is 106 (base 16) in base 5?
2022
Convert 298 (base 13) to base 2.
111001111
Convert -a7a4 (base 14) to base 12.
-14910
What is -11000000 (base 2) in base 16?
-c0
169 (base 12) to base 5
1400
1510 (base 10) to base 15
6aa
Convert -30010 (base 4) to base 8.
-1404
Convert -2abb4 (base 12) to base 6.
-1143544
What is 895 (base 12) in base 16?
4f1
10111011110 (base 2) to base 14
794
Convert -7187 (base 13) to base 10.
-15659
What is 1305b (base 13) in base 14?
cba4
-8a8 (base 12) to base 9
-1672
Convert -565 (base 9) to base 12.
-328
What is -134450 (base 6) in base 8?
-30636
Convert 135 (base 13) to base 10.
213
What is -1110100 (base 3) in base 8?
-2046
What is 1377 (base 8) in base 7?
2144
What is 30231220 (base 4) in base 6?
1041024
Convert -201210 (base 3) to base 4.
-20112
121441 (base 6) to base 13
4b82
a05 (base 13) to base 2
11010011111
What is -d19 (base 15) in base 6?
-21353
5862 (base 12) to base 11
745a
-1071 (base 8) to base 11
-478
10505 (base 11) to base 3
202220212
Convert 1500 (base 12) to base 4.
212100
Convert 4807 (base 9) to base 10.
3571
What is -101112 (base 4) in base 5?
-13420
b2e3 (base 15) to base 7
215112
-114054 (base 6) to base 11
-7544
Convert 410102 (base 5) to base 15.
3d6c
Convert 132103 (base 5) to base 8.
12236
-13528 (base 11) to base 12
-b199
What is 5b4 (base 13) in base 9?
1322
Convert 1111010000100 (base 2) to base 15.
24ac
What is 7919 (base 10) in base 11?
5a4a
What is ca90 (base 13) in base 12?
14377
Convert -101000110111 (base 2) to base 15.
-b95
Convert -11111011 (base 2) to base 4.
-3323
8e (base 16) to base 12
ba
2112022 (base 3) to base 2
11100110100
114424 (base 5) to base 10
4364
Convert -16645 (base 13) to base 7.
-235552
Convert -20e (base 15) to base 6.
-2052
What is 10b87 (base 13) in base 11?
20a36
What is 82b (base 12) in base 14?
60b
What is 23403 (base 7) in base 15?
1bc0
5092 (base 15) to base 16
4274
Convert 4704 (base 8) to base 5.
40000
14702 (base 8) to base 10
6594
Convert 1ba9 (base 15) to base 2.
1011101111001
What is -1212230 (base 4) in base 13?
-2cb7
What is 13643 (base 9) in base 6?
110533
-165 (base 13) to base 12
-190
213202 (base 5) to base 4
1302012
383 (base 9) to base 7
633
What is -36045 (base 10) in base 3?
-1211110000
What is -12304 (base 5) in base 4?
-32322
-11 (base 12) to base 2
-1101
What is 56290 (base 10) in base 6?
1112334
Convert 9dd (base 16) to base 11.
1996
What is 2224 (base 6) in base 7?
1342
Convert -559 (base 16) to base 15.
-614
Convert 2360 (base 7) to base 15.
3d5
Convert 1bb8 (base 14) to base 4.
1033012
Convert 141014 (base 5) to base 14.
2155
Convert -155e (base 15) to base 3.
-20021222
119e (base 15) to base 12
2205
2111020 (base 3) to base 13
a98
What is 21020 (base 4) in base 9?
718
What is 44b (base 15) in base 9?
1288
What is -103012 (base 4) in base 14?
-634
Convert -20303 (base 4) to base 13.
-344
Convert -904 (base 15) to base 8.
-3755
Convert -623 (base 8) to base 3.
-112221
Convert 23a (base 11) to base 8.
435
24e (base 15) to base 8
1014
Convert -17e (base 16) to base 13.
-235
What is 5041 (base 12) in base 4?
2013301
-775 (base 14) to base 7
-4205
What is 21302 (base 5) in base 11?
1100
What is -1240 (base 5) in base 4?
-3003
What is 834 (base 11) in base 5?
13010
What is 10211230 (base 4) in base 3?
221210011
4bc0 (base 15) to base 8
37433
What is -27422 (base 11) in base 4?
-21203003
Convert -1103321 (base 4) to base 2.
-1010011111001
Convert 49506 (base 10) to base 2.
1100000101100010
1003 (base 10) to base 16
3eb
What is -222a0 (base 13) in base 10?
-61984
What is 20132 (base 7) in base 2?
1001100001010
Convert -8d (base 16) to base 8.
-215
Convert 4095 (base 13) to base 15.
2990
-61478 (base 9) to base 14
-10a82
1032123 (base 4) to base 6
35123
What is -a20 (base 15) in base 5?
-33110
Convert -b912 (base 15) to base 9.
-58648
What is 8c (base 13) in base 5?
431
-54433 (base 6) to base 13
-3558
Convert d6 (base 16) to base 10.
214
2312 (base 4) to base 10
182
-3312 (base 4) to base 6
-1050
Convert -950 (base 12) to base 15.
-606
Convert 2012 (base 5) to base 7.
515
d293 (base 15) to base 16
adaf
What is -13040 (base 15) in base 7?
-342201
Convert 2a0 (base 12) to base 8.
630
Convert 72aa (base 13) to base 8.
36761
Convert -27752 (base 10) to base 12.
-14088
What is 11044 (base 7) in base 4?
223120
What is 2020011 (base 4) in base 10?
8709
What is -100212020 (base 3) in base 11?
-5445
What is 2111212 (base 3) in base 2?
11100101000
101000001 (base 2) to base 8
501
-1a583 (base 11) to base 16
-6fe7
What is -1717 (base 12) in base 6?
-20431
Convert -10452 (base 6) to base 9.
-2015
-1202122011 (base 3) to base 13
-12a63
Convert -4671 (base 8) to base 15.
-b0e
570 (base 15) to base 13
738
-301332 (base 6) to base 8
-56170
-13758 (base 10) to base 3
-200212120
Convert -7a3 (base 16) to base 14.
-9d9
Convert 20072 (base 10) to base 13.
91a0
2423 (base 8) to base 9
1703
117ba (base 12) to base 3
1012101121
-1a6 (base 11) to base 9
-283
-11111000111001 (base 2) to base 9
-23758
-23 (base 7) to base 8
-21
-17606 (base 9) to base 12
-7050
-1616 (base 8) to base 4
-32032
What is -111404 (base 6) in base 13?
-43ab
Convert 1502 (base 6) to base 12.
292
What is -13307 (base 10) in base 16?
-33fb
-424 (base 9) to base 5
-2341
What is 1d59 (base 15) in base 2?
1100011110000
What is 4610 (base 12) in base 4?
1321230
-55c (base 15) to base 12
-850
What is -312013 (base 4) in base 2?
-110110000111
-269 (base 13) to base 6
-1545
Convert -1598 (base 13) to base 8.
-6137
Convert 56622 (base 8) to base 7.
126560
Convert 57 (base 11) to base 5.
222
What is 1535 (base 13) in base 8?
6016
-11913 (base 11) to base 3
-212102102
What is 8418 (base 16) in base 15?
a046
What is 51534 (base 6) in base 16?
1af2
Convert -10b7b (base 12) to base 15.
-6995
What is -1010330 (base 4) in base 11?
-3351
Convert -3404 (base 11) to base 12.
-2715
What is -1217a (base 11) in base 7?
-102024
What is 5671 (base 9) in base 16?
1063
What is -10212 (base 4) in base 7?
-600
What is -42235 (base 10) in base 5?
-2322420
What is 346 (base 10) in base 7?
1003
What is 2221002 (base 3) in base 7?
6140
What is 1172 (base 9) in base 5?
12000
1663 (base 7) to base 2
1010101010
Convert a0 (base 15) to base 2.
10010110
4113 (base 11) to base 4
1111103
Convert 123001 (base 7) to base 14.
8371
17999 (base 11) to base 15
76c0
Convert -12020 (base 3) to base 4.
-2031
-7538 (base 9) to base 16
-15a7
What is 1449 (base 11) in base 12?
10b8
What is -211 (base 7) in base 5?
-411
What is 36304 (base 9) in base 13?
b0a7
What is 213 (base 10) in base 7?
423
What is 3495 (base 10) in base 6?
24103
What is -3a28 (base 11) in base 2?
-1010001110001
Convert -6bb (base 13) to base 11.
-972
1457 (base 8) to base 9
1105
What is 2006 (base 12) in base 3?
11202020
1b92 (base 16) to base 3
100200102
What is 5c4 (base 13) in base 14?
51b
4b0a (base 12) to base 14
3158
What is -1cb (base 14) in base 7?
-1044
Convert -57103 (base 9) to base 3.
-1221010010
What is -cd4 (base 15) in base 3?
-10222101
Convert 30101102 (base 4) to base 12.
25102
What is -30445 (base 6) in base 8?
-7735
-7403 (base 9) to base 8
-12466
Convert -11211 (base 3) to base 10.
-130
Convert -1556 (base 15) to base 11.
-3495
Convert -3ca3 (base 15) to base 10.
-12978
What is -1100432 (base 5) in base 11?
-131a2
-1143 (base 6) to base 5
-2104
10765 (base 12) to base 9
32835
Convert 1201a (base 12) to base 3.
1020012211
Convert -11332 (base 6) to base 7.
-4532
10100111100010 (base 2) to base 7
43155
Convert 44371 (base 8) to base 7.
105315
-22131301 (base 4) to base 7
-235654
Convert 1410 (base 7) to base 10.
546
Convert -235a (base 11) to base 14.
-11aa
166 (base 14) to base 15
14